{"id":89,"date":"2019-01-01T18:05:49","date_gmt":"2019-01-01T18:05:49","guid":{"rendered":"http:\/\/s767237499.onlinehome.fr\/?page_id=89"},"modified":"2024-08-27T16:34:36","modified_gmt":"2024-08-27T16:34:36","slug":"francais","status":"publish","type":"page","link":"https:\/\/www.aspidor.com\/","title":{"rendered":"Fran\u00e7ais"},"content":{"rendered":"<div  data-section-ov=\"1\" class=\"overlappable-4 content-section content-section-spacing content-relative\" id=\"introduction\" data-label=\"Overlappable\" data-id=\"overlappable--2\" data-overlap=\"true\" data-category=\"overlappable\" data-export-id=\"overlappable-4\" style=\"background-image: none; background-color: rgba(255, 255, 255, 0);\"><div  class=\"gridContainer\"> <div  class=\"row spaced-cols text-center\" data-type=\"row\"><div  class=\"col-xs-12 col-sm-4 col-padding\"> <i  class=\"fa icon shadow-large-black aligncenter fa-cogs reverse round color1\"><\/i> <div  data-type=\"column\" class=\"\">  <h5  class=\"\"><span  style=\"color: rgb(3, 169, 244); font-weight: 900;\">EFFICACE<\/span><span  id=\"_mce_caret\" data-mce-bogus=\"1\" data-mce-type=\"format-caret\"><span  style=\"color: rgb(3, 169, 244); font-weight: 900;\">\ufeff<\/span><\/span><span  id=\"_mce_caret\" data-mce-bogus=\"1\" data-mce-type=\"format-caret\"><span  style=\"color: rgb(3, 169, 244); font-weight: 900;\">\ufeff<\/span><\/span><span  id=\"_mce_caret\" data-mce-bogus=\"1\" data-mce-type=\"format-caret\"><span  style=\"font-family: &quot;Open Sans&quot;, arial, helvetica, sans-serif; color: rgb(3, 169, 244); font-weight: 900;\">\ufeff<\/span><\/span><\/h5><\/div> <\/div> <div  class=\"col-xs-12 col-sm-4 col-padding\"> <i  class=\"fa icon shadow-large-black aligncenter fa-tree reverse round color1\"><\/i> <div  data-type=\"column\" class=\"\"> <h5  class=\"\"><span  style=\"color: rgb(3, 169, 244); font-weight: 900;\">NATUREL<\/span><\/h5><\/div> <\/div> <div  class=\"col-xs-12 col-sm-4 col-padding\"> <i  class=\"fa icon shadow-large-black aligncenter fa-recycle reverse round color1\"><\/i> <div  data-type=\"column\" class=\"\"> <h5  class=\"\"><span  style=\"color: rgb(3, 169, 244); font-weight: 900;\">ECOLOGIQUE<\/span><\/h5><\/div> <\/div><\/div> <\/div><\/div><div  class=\"content-12 content-section content-section-spacing white-text content-relative solid_stone\" id=\"content-1\" data-label=\"Content\" data-id=\"content--1\" data-section-ov=\"1\" data-category=\"content\" data-export-id=\"content-12\"><div  class=\"gridContainer\"> <div  class=\"row text-center\"><div  class=\"section-title-col\" data-type=\"column\"> <h2  class=\"\">Aspidor\u00ae, l\u2019absorbeur d\u2019odeurs alli\u00e9 de votre confort<\/h2> <p  class=\"lead\" style=\"text-align: justify;\"><span  style=\"font-weight: 400;\">\n<br >Salles de bain, toilettes \u2026 Certaines odeurs sont difficiles \u00e0 supporter et l\u2019absence de possibilit\u00e9s d\u2019a\u00e9ration peut contraindre \u00e0 utiliser des d\u00e9sodorisants dont la composition n\u2019est pas toujours sans danger pour la sant\u00e9, ni sans cons\u00e9quences pour l\u2019environnement. En \u00e9quipement individuel ou collectif, l\u2019aspirateur d\u2019odeurs ASPIDOR\u00ae, laur\u00e9at d\u2019EquipH\u00f4tel Paris, est l\u2019unique solution pour votre confort et celui de votre entourage.<\/span><\/p><\/div> <\/div> <div  class=\"row center-xs middle-xs\"> <div  class=\"col-sm-9\" data-type=\"column\"> <\/div> <\/div><\/div> <\/div><div  class=\"content-12 content-section content-section-spacing solid_stone\" id=\"content-2\" data-label=\"Content\" data-id=\"content--2\" data-category=\"content\" data-export-id=\"content-12\"><div > <div  class=\"row text-center\"><div  class=\"section-title-col\" data-type=\"column\">  <\/div> <\/div> <div  class=\"row center-xs middle-xs\"> <div  class=\"col-sm-9\" data-type=\"column\"> <img decoding=\"async\"  title=\"cropped-aspidor_dessus_dessous.png\" class=\"custom-image\" alt=\"\" src=\"https:\/\/www.aspidor.com\/wp-content\/uploads\/2019\/05\/cropped-aspidor_dessus_dessous.png\"><\/div> <\/div><\/div> <\/div><div  class=\"content-12 content-section content-section-spacing solid_stone\" id=\"content-3\" data-label=\"Content\" data-id=\"content--3\" data-category=\"content\" data-export-id=\"content-12\"><div  class=\"gridContainer\"> <div  class=\"row text-center\"><div  class=\"section-title-col\" data-type=\"column\"><a class=\"button big color3\" href=\"https:\/\/www.aspidor.com\/wp-content\/uploads\/2019\/02\/aspidor_dessus_1365x1365.png\" target=\"lightbox\" data-cp-link=\"1\" data-icon=\"fa-search\" rel=\"noopener noreferrer\"><span  class=\"button-icon fa fa-search\"><\/span>D\u00e9tails<\/a>  <a class=\"button big color12\" href=\"https:\/\/www.aspidor.com\/wp-content\/uploads\/2019\/02\/aspidor_dessous_1365x1365.png\" target=\"lightbox\" data-cp-link=\"1\" data-icon=\"fa-search\" rel=\"noopener noreferrer\"><span  class=\"button-icon fa fa-search\"><\/span>D\u00e9tails<\/a><p  class=\"\" style=\"text-align: justify;\"><span  style=\"font-weight: 400;\">Design attractif, qualit\u00e9 des composants et efficacit\u00e9 reconnue sont autant d\u2019\u00e9l\u00e9ments qui ont fait la r\u00e9putation d\u2019Aspidor\u00ae. La simplicit\u00e9 de son installation lui permet aussi de s\u2019adapter \u00e0 la majorit\u00e9 des toilettes, quelle que soit la fixation utilis\u00e9e (mur ou sol).<\/span><span  id=\"_mce_caret\" data-mce-bogus=\"1\" data-mce-type=\"format-caret\"><span  style=\"font-weight: 400;\">\ufeff<\/span><\/span><\/p><\/div> <\/div> <div  class=\"row center-xs middle-xs\"> <div  class=\"col-sm-9\" data-type=\"column\"> <\/div> <\/div><\/div> <\/div><div  class=\"about-10 content-section content-section-spacing white-text solid_stone\" id=\"solution\" data-label=\"About\" data-id=\"about--2\" data-category=\"about\" data-export-id=\"about-10\"><div  class=\"gridContainer\"> <div  class=\"row middle-sm text-center\"><div  class=\"col-sm-5 space-bottom-xs content-column content-center-sm\" data-type=\"column\">  <h2  class=\"\">\nAspidor\u00ae<span  style=\"font-weight: 300;\"><\/span>, votre solution\n<\/h2> <p  style=\"text-align: justify;\" class=\"\">L\u2019abattant de toilettes high-tech ASPIDOR\u00ae neutralise les mauvaises odeurs avant qu\u2019elles ne se r\u00e9pandent dans la pi\u00e8ce et les filtre directement l\u00e0 o\u00f9 elles prennent naissance.<\/p> <p  style=\"text-align: justify;\" class=\"\">ASPIDOR\u00ae n\u2019est pas r\u00e9serv\u00e9 aux seules habitations priv\u00e9es, il \u00e9quipe \u00e9galement de nombreux lieux publics tels que des h\u00f4tels, des restaurants ainsi que des gares et des a\u00e9roports.<\/p><p  style=\"text-align: justify;\" class=\"\">Ses formes simples lui permettront de s\u2019int\u00e9grer parfaitement \u00e0 votre salle de bains ou \u00e0 vos toilettes.<\/p><img decoding=\"async\"  title=\"cropped-aspidor_tech_10_arrondie.png\" class=\"custom-image\" alt=\"\" src=\"https:\/\/www.aspidor.com\/wp-content\/uploads\/2019\/05\/cropped-aspidor_tech_10_arrondie.png\"><\/div> <div  class=\"col-sm-7 flexbox middle-xs center-xs space-bottom-xs\"><div  class=\"overlay-box middle-xs center-xs flexbox\"> <div  class=\"overlay-box-offset shadow-medium border-color1 hide-xs offset-border\"><\/div> <img decoding=\"async\"  title=\"cropped-aspidor_solution01_430x616-1.jpg\" class=\"shadow-large\" alt=\"\" src=\"https:\/\/www.aspidor.com\/wp-content\/uploads\/2019\/02\/cropped-aspidor_solution01_430x616-1.jpg\" data-size=\"485x705\"><\/div> <\/div><\/div> <\/div><\/div><div  class=\"features-16 content-section content-section-spacing white-text solid_stone\" id=\"fonctionnement\" data-label=\"Features\" data-id=\"features--1\" data-category=\"features\" data-export-id=\"features-16\"><div  class=\"gridContainer\"> <div  class=\"row text-center\"><div  class=\"section-title-col\" data-type=\"column\"> <h2  class=\"\">Aspidor\u00ae : 3 fonctions enti\u00e8rement automatis\u00e9es\n<\/h2><p  class=\"lead\"><span  style=\"font-weight: 600; font-family: Open Sans, arial, helvetica, sans-serif; color: rgb(255, 255, 255);\">Suppression des mauvaises odeurs gr\u00e2ce \u00e0 l\u2019action de son filtre \u00e0 charbon actif<\/span><\/p><p  class=\"lead\"><span  style=\"font-weight: 600; color: rgb(255, 255, 255);\">Diffusion d\u2019un parfum naturel et l\u00e9ger par brassage de l\u2019air ambiant<\/span><\/p><p  class=\"lead\"><span  style=\"font-weight: 600; color: rgb(255, 255, 255);\">Elimination des germes et des bacteries (Active Shield System)<\/span><\/p> <\/div> <\/div> <div  class=\"row spaced-cols\" data-type=\"row\"> <div  class=\"col-xs-12 col-sm-6 space-bottom col-md-3 \"> <img decoding=\"async\"  title=\"Aspidor technique\" class=\"face\" alt=\"Aspidor technique\" src=\"https:\/\/www.aspidor.com\/wp-content\/uploads\/2019\/02\/aspidor_tech04_600x400.jpg\"> <div  class=\"col-padding-small col-padding-small-xs description-container\" data-type=\"column\"> <h4  class=\"font-500\" style=\"text-align: center;\"><span  style=\"font-family: Open Sans, arial, helvetica, sans-serif; font-weight: 600;\">Montage<\/span><\/h4> <p  style=\"text-align: justify;\" class=\"\">Le syst\u00e8me abattant ASPIDOR\u00ae trait\u00e9 anti-bact\u00e9rien s\u2019adapte \u00e0 la majorit\u00e9 des cuvettes de toilettes qu\u2019elles soient pos\u00e9es ou suspendues. Le dispositif de montage exclusif ASPIDOR\u00ae permet un&nbsp; positionnement parfait quel que soit le mod\u00e8le. L\u2019utilisation de charni\u00e8res de type \u00ab&nbsp;Soft Close&nbsp;\u00bb permet d\u2019amortir en silence la descente de l\u2019abattant.<\/p> <\/div> <\/div> <div  class=\"col-xs-12 col-sm-6 space-bottom col-md-3 \"> <img decoding=\"async\"  title=\"Aspidor technique\" class=\"face\" alt=\"\" src=\"https:\/\/www.aspidor.com\/wp-content\/uploads\/2019\/02\/aspidor_tech02_378x252.jpg\"> <div  class=\"col-padding-small col-padding-small-xs description-container\" data-type=\"column\"> <h4  class=\"font-500\" style=\"text-align: center;\"><span  style=\"font-family: Open Sans, arial, helvetica, sans-serif; font-weight: 600;\">Mise en service<\/span><\/h4> <p  style=\"text-align: justify;\" class=\"\">Aucune intervention manuelle n\u2019est n\u00e9cessaire pour la mise en service de l\u2019absorbeur d\u2019odeurs ASPIDOR\u00ae. Un d\u00e9tecteur optique de pr\u00e9sence permet de d\u00e9clencher automatiquement la filtration des odeurs d\u00e8s l\u2019assise de l\u2019usager. Pour une efficacit\u00e9 optimale, un microprocesseur assure une temporisation d\u2019environ 40 secondes apr\u00e8s chaque utilisation.<\/p> <\/div> <\/div> <div  class=\"col-xs-12 col-sm-6 space-bottom col-md-3 \"> <img decoding=\"async\"  title=\"Aspidor technique\" class=\"face\" alt=\"Aspidor technique\" src=\"https:\/\/www.aspidor.com\/wp-content\/uploads\/2019\/02\/aspidor_tech06_600x400.jpg\"> <div  class=\"col-padding-small col-padding-small-xs description-container\" data-type=\"column\"> <h4  class=\"font-500\" style=\"text-align: center;\"><span  style=\"font-family: Open Sans, arial, helvetica, sans-serif; font-weight: 600;\">Filtration<\/span><\/h4> <p  style=\"text-align: justify;\" class=\"\">La filtration est enti\u00e8rement naturelle gr\u00e2ce \u00e0 un filtre \u00e0 charbon actif log\u00e9 dans un compartiment ABS&nbsp; \u00e0 l\u2019arri\u00e8re de l\u2019abattant. Un t\u00e9moin lumineux indique son niveau de saturation afin d\u2019anticiper son remplacement. Un diffuseur de parfum fonctionnant par brassage de l\u2019air ambiant se met en marche quand la filtration des odeurs est termin\u00e9e.<\/p> <\/div> <\/div><div  class=\"col-xs-12 col-sm-6 space-bottom col-md-3\"> <img decoding=\"async\"  title=\"Aspidor technique\" class=\"face\" alt=\"Aspidor technique\" src=\"https:\/\/www.aspidor.com\/wp-content\/uploads\/2019\/02\/aspidor_tech07_600x400.jpg\"> <div  class=\"col-padding-small col-padding-small-xs description-container\" data-type=\"column\"> <h4  class=\"font-500\" style=\"text-align: center;\"><span  style=\"font-family: Open Sans, arial, helvetica, sans-serif; font-weight: 600;\">Alimentation<\/span><\/h4> <p  style=\"text-align: justify;\" class=\"\">L\u2019aspirateur d\u2019odeurs ASPIDOR\u00ae fonctionne soit avec un transformateur  12 volts&nbsp; si une prise \u00e9lectrique est disponible \u00e0 proximit\u00e9, soit avec une batterie hautes performances prot\u00e9g\u00e9e de l\u2019humidit\u00e9, celle-ci pouvant&nbsp; alimenter le syst\u00e8me pendant plusieurs semaines. Un t\u00e9moin lumineux signale la baisse de charge afin de garantir un fonctionnement optimal.<\/p> <\/div> <\/div><\/div> <\/div><\/div><div  class=\"about-6 content-section content-section-spacing white-text solid_stone\" id=\"references\" data-label=\"About\" data-id=\"about--3\" data-category=\"about\" data-export-id=\"about-6\"><div  class=\"gridContainer\"> <div  class=\"row middle-sm text-center\"><div  class=\"col-sm-6 space-bottom-xs\" data-type=\"column\">  <h2  class=\"\">R\u00e9f\u00e9rences<\/h2>  <p  class=\"lead\" style=\"text-align: justify;\"><span  style=\"font-weight: 400;\"><\/span><\/p><p  class=\"lead\" style=\"text-align: justify;\"><span  style=\"font-weight: 400;\">Le succ\u00e9s de l\u2019absorbeur d\u2019odeurs ASPIDOR\u00ae d\u00e9passe les fronti\u00e8res des pays qui ont vu sa cr\u00e9ation, l\u2019Allemagne et la France. Pr\u00e9sent sur plusieurs continents, ASPIDOR\u00ae doit son succ\u00e9s \u00e0 son efficacit\u00e9 reconnue et \u00e0 la qualit\u00e9 de ses composants. L\u2019absorbeur d\u2019odeurs ASPIDOR\u00ae est prot\u00e9g\u00e9 par plusieurs brevets internationaux.<\/span><\/p><\/div> <div  class=\"col-sm-6 image-group-right-3 space-bottom-xs\"><div  class=\"top-media\"> <img decoding=\"async\"  title=\"cropped-rheinische-post-10.jpg\" class=\"shadow-large\" alt=\"\" src=\"https:\/\/www.aspidor.com\/wp-content\/uploads\/2019\/02\/cropped-rheinische-post-10.jpg\" data-size=\"350x250\"><\/div> <div  class=\"bottom-media\"> <img decoding=\"async\"  title=\"Aspidor, votre solution\" class=\"shadow-large\" alt=\"Aspidor, votre solution\" src=\"https:\/\/www.aspidor.com\/wp-content\/uploads\/2019\/02\/mdr_388x277.jpg\" data-size=\"350x250\"><\/div> <div  class=\"left-media\"> <img decoding=\"async\"  title=\"Aspidor, votre solution\" class=\"shadow-large\" alt=\"Aspidor, votre solution\" src=\"https:\/\/www.aspidor.com\/wp-content\/uploads\/2019\/02\/equip_innov_800x800.png\" data-size=\"350x400\"> <div  class=\"offset-double-border-overlay\"> <div  class=\"border-1 shadow-small\"><\/div> <div  class=\"border-2\"><\/div><\/div> <\/div><\/div> <\/div><\/div> <\/div><div  class=\"counters-2 content-section content-section-spacing white-text solid_stone\" id=\"chiffres\" data-label=\"Counters\" data-id=\"counters--2\" data-category=\"counters\" data-export-id=\"counters-2\"><div  class=\"gridContainer\"> <div  class=\"row text-center\"><div  class=\"section-title-col\" data-type=\"column\">  <\/div> <\/div> <div  class=\"row\" data-type=\"row\"> <div  class=\"col-xs-12 text-center space-bottom col-md-6 col-sm-6\"> <i  class=\"fa icon fa-globe bordered round large color3\"><\/i> <h3  class=\"font-400\" style=\"display: inline-block;\" data-countup=\"true\" data-prefix=\"\" data-suffix=\"\" data-duration=\"2000\" data-max=\"17\" data-min=\"0\"><\/h3> <h5  class=\"upper color2\"><span  style=\"color: rgb(255, 255, 255);\">PAYS<\/span><\/h5><\/div>  <div  class=\"col-xs-12 text-center space-bottom col-md-6 col-sm-6\"><i  class=\"fa icon fa-umbrella bordered round large color3\"><\/i> <h3  class=\"font-400\" style=\"display: inline-block;\" data-countup=\"true\" data-prefix=\"\" data-suffix=\" \" data-duration=\"2000\" data-max=\"4\" data-min=\"0\"><\/h3> <h5  class=\"upper color2\"><span  style=\"color: rgb(255, 255, 255);\">BREVETS<\/span><span  id=\"_mce_caret\" data-mce-type=\"format-caret\" data-mce-bogus=\"1\"><span  style=\"color: rgb(255, 255, 255);\"><\/span><\/span><\/h5><\/div> <\/div><\/div> <\/div><div  class=\"portfolio-1 content-section content-section-spacing solid_stone\" id=\"portfolio-3\" data-label=\"Portfolio\" data-id=\"portfolio--4\" data-category=\"portfolio\" data-export-id=\"portfolio-1\" data-section-ov=\"1\"><div  class=\"gridContainer\"> <div  class=\"row text-center\"><div  class=\"section-title-col\" data-type=\"column\">  <\/div> <\/div> <div  class=\"row spaced-cols\" data-type=\"row\" data-fixed=\"true\">    <div  class=\"col-xs-12 col-sm-4 col-md-2\"><div  class=\"contentswap-effect visible\" data-hover-fx=\"portfolio-1\"> <div  class=\"initial-image\"> <img decoding=\"async\"  src=\"https:\/\/www.aspidor.com\/wp-content\/uploads\/2019\/02\/cropped-mdr_388x277-3.jpg\" data-size=\"500x333\"><\/div> <div  class=\"overlay\"><\/div> <div  class=\"swap-inner col-xs-12\"> <div  class=\"row full-height-row bottom-xs\"> <div  class=\"col-xs-12 color1 text-center content-holder\"> <h4  class=\"inverted font-500\"><\/h4> <a class=\"inverted italic p small\" href=\"https:\/\/www.aspidor.com\/wp-content\/uploads\/2019\/02\/article_einfach_genial.pdf\" target=\"lightbox\" data-cp-link=\"1\" rel=\"noopener noreferrer\">En savoir plus \u2026<\/a><\/div> <\/div><\/div> <\/div><\/div> <div  class=\"col-xs-12 col-sm-4 col-md-2\"><div  class=\"contentswap-effect visible\" data-hover-fx=\"portfolio-1\"> <div  class=\"initial-image\"> <img decoding=\"async\"  src=\"https:\/\/www.aspidor.com\/wp-content\/uploads\/2019\/02\/cropped-la_rep-2.png\" data-size=\"500x333\"><\/div> <div  class=\"overlay\"><\/div> <div  class=\"swap-inner col-xs-12\"> <div  class=\"row full-height-row bottom-xs\"> <div  class=\"col-xs-12 color1 text-center content-holder\"> <h4  class=\"inverted font-500\"><\/h4> <a class=\"inverted italic p small\" href=\"https:\/\/www.aspidor.com\/wp-content\/uploads\/2019\/02\/article_la_rep.pdf\" target=\"lightbox\" data-cp-link=\"1\" rel=\"noopener noreferrer\">En savoir plus \u2026<\/a><\/div> <\/div><\/div> <\/div><\/div> <div  class=\"col-xs-12 col-sm-4 col-md-2\"><div  class=\"contentswap-effect visible\" data-hover-fx=\"portfolio-1\"> <div  class=\"initial-image\"> <img decoding=\"async\"  src=\"https:\/\/www.aspidor.com\/wp-content\/uploads\/2019\/02\/cropped-big_5_dubai-4.png\" data-size=\"500x333\"><\/div> <div  class=\"overlay\"><\/div> <div  class=\"swap-inner col-xs-12\"> <div  class=\"row full-height-row bottom-xs\"> <div  class=\"col-xs-12 color1 text-center content-holder\"> <h4  class=\"inverted font-500\"><\/h4> <a class=\"inverted italic p small\" href=\"https:\/\/www.aspidor.com\/wp-content\/uploads\/2019\/02\/article_dubai.pdf\" target=\"lightbox\" data-cp-link=\"1\" rel=\"noopener noreferrer\">En savoir plus \u2026<\/a><\/div> <\/div><\/div> <\/div><\/div> <div  class=\"col-xs-12 col-sm-4 col-md-2\"><div  class=\"contentswap-effect visible\" data-hover-fx=\"portfolio-1\"> <div  class=\"initial-image\"> <img decoding=\"async\"  src=\"https:\/\/www.aspidor.com\/wp-content\/uploads\/2019\/02\/cropped-equip_hotel_471x360-4.jpg\" data-size=\"500x333\"><\/div> <div  class=\"overlay\"><\/div> <div  class=\"swap-inner col-xs-12\"> <div  class=\"row full-height-row bottom-xs\"> <div  class=\"col-xs-12 color1 text-center content-holder\"> <h4  class=\"inverted font-500\"><\/h4> <a class=\"inverted italic p small\" href=\"https:\/\/www.aspidor.com\/wp-content\/uploads\/2019\/03\/smr_hot_fr_0811.pdf\" target=\"lightbox\" data-cp-link=\"1\" rel=\"noopener noreferrer\">En savoir plus \u2026<\/a><\/div> <\/div><\/div> <\/div><\/div><div  class=\"col-xs-12 col-sm-4 col-md-2\"><div  class=\"contentswap-effect visible\" data-hover-fx=\"portfolio-1\"> <div  class=\"initial-image\"> <img decoding=\"async\"  src=\"https:\/\/www.aspidor.com\/wp-content\/uploads\/2019\/02\/cropped-rheinische-post-5.jpg\" data-size=\"500x333\"><\/div> <div  class=\"overlay\"><\/div> <div  class=\"swap-inner col-xs-12\"> <div  class=\"row full-height-row bottom-xs\"> <div  class=\"col-xs-12 color1 text-center content-holder\"> <h4  class=\"inverted font-500\"><\/h4> <a class=\"inverted italic p small\" href=\"https:\/\/www.aspidor.com\/wp-content\/uploads\/2019\/02\/article_rheinische_post.pdf\" target=\"lightbox\" data-cp-link=\"1\" rel=\"noopener noreferrer\">En savoir plus \u2026<\/a><\/div> <\/div><\/div> <\/div><\/div><div  class=\"col-xs-12 col-sm-4 col-md-2\"><div  class=\"contentswap-effect visible\" data-hover-fx=\"portfolio-1\"> <div  class=\"initial-image\"> <img decoding=\"async\"  src=\"https:\/\/www.aspidor.com\/wp-content\/uploads\/2019\/02\/cropped-dusseldorf_express.jpg\" data-size=\"500x333\"><\/div> <div  class=\"overlay\"><\/div> <div  class=\"swap-inner col-xs-12\"> <div  class=\"row full-height-row bottom-xs\"> <div  class=\"col-xs-12 color1 text-center content-holder\"> <h4  class=\"inverted font-500\"><\/h4> <a class=\"inverted italic p small\" href=\"https:\/\/www.aspidor.com\/wp-content\/uploads\/2019\/02\/article_dusseldorf_express.pdf\" target=\"lightbox\" data-cp-link=\"1\" rel=\"noopener noreferrer\">En savoir plus \u2026<\/a><\/div> <\/div><\/div> <\/div><\/div><\/div><\/div> <\/div><div  data-label=\"Contact\" data-id=\"contact--1\" data-export-id=\"contact-1\" data-category=\"contact\" class=\"contact-1 content-section content-section-spacing white-text solid_stone\" data-parallax-depth=\"20\" id=\"contact-1\" style=\"background-size: cover; background-position: center top;\" data-section-ov=\"1\"><div  class=\"gridContainer\"> <div  class=\"row text-center\"><div  class=\"section-title-col\" data-type=\"column\"> <h2  class=\"\">Pour nous contacter<\/h2> <p  class=\"lead\">Merci de bien vouloir remplir ce formulaire. Nous ne manquerons pas de vous joindre d\u00e8s r\u00e9ception.<\/p><\/div> <\/div> <div  class=\"row text-center\"> <div  class=\"col-xs-12 col-sm-8 col-sm-offset-2 contact-form-wrapper inline-info\"> <div  class=\"card large-padding\"> <div  class=\"\" data-content-shortcode=\"mesmerize_contact_form shortcode=&quot;contact-form-7 id=&amp;amp;quot;1247&amp;amp;quot; title=&amp;amp;quot;Formulaire de contact 1&amp;amp;quot;&quot;\" data-editable=\"true\">\n<div class=\"wpcf7 no-js\" id=\"wpcf7-f1247-o1\" lang=\"fr-FR\" dir=\"ltr\">\n<div class=\"screen-reader-response\"><p role=\"status\" aria-live=\"polite\" aria-atomic=\"true\"><\/p> <ul><\/ul><\/div>\n<form action=\"\/index.php?rest_route=%2Fwp%2Fv2%2Fpages%2F89#wpcf7-f1247-o1\" method=\"post\" class=\"wpcf7-form init\" aria-label=\"Formulaire de contact\" novalidate=\"novalidate\" data-status=\"init\">\n<div style=\"display: none;\">\n<input type=\"hidden\" name=\"_wpcf7\" value=\"1247\" \/>\n<input type=\"hidden\" name=\"_wpcf7_version\" value=\"5.9.8\" \/>\n<input type=\"hidden\" name=\"_wpcf7_locale\" value=\"fr_FR\" \/>\n<input type=\"hidden\" name=\"_wpcf7_unit_tag\" value=\"wpcf7-f1247-o1\" \/>\n<input type=\"hidden\" name=\"_wpcf7_container_post\" value=\"0\" \/>\n<input type=\"hidden\" name=\"_wpcf7_posted_data_hash\" value=\"\" \/>\n<input type=\"hidden\" name=\"_wpcf7_recaptcha_response\" value=\"\" \/>\n<\/div>\n<p><label> Votre nom<br \/>\n<span class=\"wpcf7-form-control-wrap\" data-name=\"your-name\"><input size=\"40\" maxlength=\"400\" class=\"wpcf7-form-control wpcf7-text wpcf7-validates-as-required\" aria-required=\"true\" aria-invalid=\"false\" value=\"\" type=\"text\" name=\"your-name\" \/><\/span> <\/label>\n<\/p>\n<p><label> Votre num\u00e9ro de t\u00e9l\u00e9phone<br \/>\n<span class=\"wpcf7-form-control-wrap\" data-name=\"tel-696\"><input size=\"40\" maxlength=\"400\" class=\"wpcf7-form-control wpcf7-tel wpcf7-text wpcf7-validates-as-tel\" aria-invalid=\"false\" value=\"\" type=\"tel\" name=\"tel-696\" \/><\/span> <\/label>\n<\/p>\n<p><label> Votre adresse de messagerie<br \/>\n<span class=\"wpcf7-form-control-wrap\" data-name=\"your-email\"><input size=\"40\" maxlength=\"400\" class=\"wpcf7-form-control wpcf7-email wpcf7-validates-as-required wpcf7-text wpcf7-validates-as-email\" aria-required=\"true\" aria-invalid=\"false\" value=\"\" type=\"email\" name=\"your-email\" \/><\/span> <\/label>\n<\/p>\n<p><label> Objet<br \/>\n<span class=\"wpcf7-form-control-wrap\" data-name=\"your-subject\"><input size=\"40\" maxlength=\"400\" class=\"wpcf7-form-control wpcf7-text\" aria-invalid=\"false\" value=\"\" type=\"text\" name=\"your-subject\" \/><\/span> <\/label>\n<\/p>\n<p><label> Votre message<br \/>\n<span class=\"wpcf7-form-control-wrap\" data-name=\"your-message\"><textarea cols=\"40\" rows=\"10\" maxlength=\"2000\" class=\"wpcf7-form-control wpcf7-textarea\" aria-invalid=\"false\" name=\"your-message\"><\/textarea><\/span> <\/label>\n<\/p>\n<p><input class=\"wpcf7-form-control wpcf7-submit has-spinner\" type=\"submit\" value=\"Envoyer\" \/>\n<\/p><p style=\"display: none !important;\" class=\"akismet-fields-container\" data-prefix=\"_wpcf7_ak_\"><label>&#916;<textarea name=\"_wpcf7_ak_hp_textarea\" cols=\"45\" rows=\"8\" maxlength=\"100\"><\/textarea><\/label><input type=\"hidden\" id=\"ak_js_1\" name=\"_wpcf7_ak_js\" value=\"109\"\/><script>document.getElementById( \"ak_js_1\" ).setAttribute( \"value\", ( new Date() ).getTime() );<\/script><\/p><div class=\"wpcf7-response-output\" aria-hidden=\"true\"><\/div>\n<\/form>\n<\/div>\n<\/div><\/div> <\/div><\/div> <\/div><\/div>","protected":false},"excerpt":{"rendered":"<p>EFFICACE\ufeff\ufeff\ufeff NATUREL ECOLOGIQUE Aspidor\u00ae, l\u2019absorbeur d\u2019odeurs alli\u00e9 de votre confort Salles de bain, toilettes \u2026 Certaines odeurs sont difficiles \u00e0 supporter et l\u2019absence de possibilit\u00e9s d\u2019a\u00e9ration peut contraindre \u00e0 utiliser des d\u00e9sodorisants dont la composition n\u2019est pas toujours sans danger pour la sant\u00e9, ni sans cons\u00e9quences pour l\u2019environnement. En \u00e9quipement individuel ou collectif, l\u2019aspirateur d\u2019odeurs&hellip; <br \/> <a class=\"read-more\" href=\"https:\/\/www.aspidor.com\/\">Lire la suite<\/a><\/p>\n","protected":false},"author":1,"featured_media":0,"parent":0,"menu_order":0,"comment_status":"closed","ping_status":"closed","template":"page-templates\/homepage.php","meta":{"footnotes":""},"_links":{"self":[{"href":"https:\/\/www.aspidor.com\/index.php?rest_route=\/wp\/v2\/pages\/89"}],"collection":[{"href":"https:\/\/www.aspidor.com\/index.php?rest_route=\/wp\/v2\/pages"}],"about":[{"href":"https:\/\/www.aspidor.com\/index.php?rest_route=\/wp\/v2\/types\/page"}],"author":[{"embeddable":true,"href":"https:\/\/www.aspidor.com\/index.php?rest_route=\/wp\/v2\/users\/1"}],"replies":[{"embeddable":true,"href":"https:\/\/www.aspidor.com\/index.php?rest_route=%2Fwp%2Fv2%2Fcomments&post=89"}],"version-history":[{"count":265,"href":"https:\/\/www.aspidor.com\/index.php?rest_route=\/wp\/v2\/pages\/89\/revisions"}],"predecessor-version":[{"id":4428,"href":"https:\/\/www.aspidor.com\/index.php?rest_route=\/wp\/v2\/pages\/89\/revisions\/4428"}],"wp:attachment":[{"href":"https:\/\/www.aspidor.com\/index.php?rest_route=%2Fwp%2Fv2%2Fmedia&parent=89"}],"curies":[{"name":"wp","href":"https:\/\/api.w.org\/{rel}","templated":true}]}}